4 (base 7) to base 6
-1034544200
Convert -1112102210212 (base 3) to base 6.
-25251552
Convert -11b7bc (base 13) to base 14.
-b102b
-1126370 (base 8) to base 15
-60bd4
What is -36607 (base 16) in base 8?
-663007
Convert 1487863 (base 14) to base 4.
212023212333
1302131011 (base 4) to base 12
1a7371
What is -141511 (base 6) in base 16?
-3433
256078 (base 9) to base 8
457324
Convert 1c110 (base 13) to base 7.
316443
What is 113315 (base 6) in base 15?
2dae
-8f36 (base 16) to base 15
-ace2
What is 13d10a (base 14) in base 11?
430689
Convert 20001431 (base 5) to base 11.
a7635
Convert ba57 (base 13) to base 9.
38510
-2212021222122 (base 3) to base 11
-94a073
2002121020 (base 3) to base 16
a12e
What is 103153 (base 9) in base 16?
efb5
Convert -61318 (base 11) to base 13.
-319c2
Convert -221131322 (base 4) to base 7.
-1305122
What is 3ab22 (base 13) in base 7?
634234
What is 21110220011 (base 3) in base 12?
71211
What is -172284a (base 11) in base 10?
-2931884
Convert 1866727 (base 10) to base 16.
1c7be7
What is 12360770 (base 8) in base 13?
751474
-2024116 (base 10) to base 14
-3a991a
-1002012102102021 (base 3) to base 6
-1312341011
793642 (base 12) to base 14
38501c
What is 2e046a (base 16) in base 14?
587094
-1357c8 (base 16) to base 11
-796455
What is -2c3b8 (base 14) in base 9?
-177528
-237571 (base 11) to base 9
-632725
Convert -110011011111101000 (base 2) to base 14.
-56c1a
What is 525145425 (base 6) in base 3?
122022200110222
Convert 241442012 (base 5) to base 14.
213bcc
-133097 (base 13) to base 9
-776052
Convert -1275783 (base 11) to base 12.
-8a3393
What is 534855 (base 14) in base 10?
2816987
5543043 (base 6) to base 8
1037003
What is -10010100000001010010000 (base 2) in base 14?
-903876
27633e (base 15) to base 5
441102414
What is 10122200200 (base 3) in base 2?
10001100100001010
What is 16646161 (base 7) in base 16?
190e31
Convert 5d53b (base 16) to base 13.
104cc2
What is 425106 (base 9) in base 2?
111101110001111010
Convert -135011 (base 6) to base 4.
-3013033
Convert 30326203 (base 7) to base 12.
a1ab77
Convert -23301100 (base 4) to base 14.
-137d6
Convert 422246 (base 9) to base 7.
2063502
193a45 (base 11) to base 8
1106130
Convert 11102022220101 (base 3) to base 6.
122201531
-2a9909 (base 15) to base 10
-2057409
What is 2731421 (base 9) in base 13?
4054b4
What is -a2791b (base 15) in base 13?
-17a4262
What is -12133001210 (base 4) in base 11?
-a61210
-26754460 (base 8) to base 11
-34414a0
Convert -544234535 (base 6) to base 3.
-200022002010112
Convert -13145 (base 6) to base 14.
-a37
What is 9b4aa (base 12) in base 10?
206338
What is -449b4 (base 14) in base 7?
-1262414
-10100000000001110 (base 2) to base 15
-19424
Convert -1545215 (base 6) to base 7.
-531611
Convert -412113222 (base 5) to base 10.
-1676062
-2485480 (base 10) to base 9
-4607384
-695228 (base 11) to base 2
-100001101110001101010
What is -31010202233 (base 4) in base 9?
-6402218
Convert 1316616 (base 8) to base 3.
200200211011
What is 2ba93 (base 15) in base 14?
39427
-1473571 (base 11) to base 4
-21213330300
What is 103622030 (base 7) in base 4?
113233203203
Convert 100010011100000011 (base 2) to base 11.
96a86
What is c213 (base 14) in base 8?
101071
Convert 774673 (base 8) to base 16.
3f9bb
Convert -10001101111110111011010 (base 2) to base 13.
-c6b881
10121210110 (base 3) to base 15
161cc
Convert -2001034134 (base 5) to base 9.
-7341106
What is -1f0c04 (base 16) in base 4?
-13300300010
What is 10013131221 (base 4) in base 15?
164b30
-4e37e9 (base 16) to base 7
-61366650
What is -2112000221110 (base 3) in base 10?
-1339131
Convert 201122100210 (base 3) to base 10.
386634
Convert 2032c5 (base 14) to base 11.
68083a
What is -10011111111001010 (base 2) in base 12?
-3b462
What is -2215a7 (base 12) in base 4?
-2010100033
Convert -221202120202 (base 3) to base 6.
-14511332
Convert 38a05 (base 13) to base 4.
121213322
22a8bc7 (base 13) to base 14
15c7d08
What is 1021000002220 (base 3) in base 15?
d34a0
Convert 10224021 (base 6) to base 10.
298957
427582 (base 10) to base 3
210201112101
Convert 222479 (base 12) to base 2.
10000100101000011101
95779 (base 10) to base 12
47517
-1110000010011001010010 (base 2) to base 11
-2093787
-42044304 (base 5) to base 16
-54acd
What is 614550 (base 7) in base 16?
199bf
What is -6a2970 (base 13) in base 9?
-4658834
Convert 10011111011100100100110 (base 2) to base 3.
100211102222222
What is 1100221210120 (base 3) in base 14?
14d12b
87445 (base 9) to base 13
204c2
-2324123324 (base 5) to base 12
-1938156
What is 324542 (base 8) in base 3?
12112101021
Convert 2c2fc (base 16) to base 13.
644c2
What is c45218 (base 15) in base 9?
18503515
376517 (base 10) to base 15
76862
What is 103363 (base 8) in base 16?
86f3
Convert 49266 (base 10) to base 12.
24616
3c4b50 (base 15) to base 5
1220323200
What is 349372 (base 13) in base 5?
304422441
What is 8945b9 (base 12) in base 7?
24400263
What is -7d9dd1 (base 14) in base 8?
-20276023
Convert 61c26b (base 15) to base 9.
8663672
Convert -61b18 (base 15) to base 6.
-10345235
What is 132421 (base 6) in base 2?
10111111011101
1000011000001110010000100 (base 2) to base 13
3842915
1a23b3b (base 12) to base 11
3132228
20230311 (base 4) to base 6
432553
-313100103 (base 4) to base 8
-672023
-17b242 (base 15) to base 7
-12533546
What is -313863 (base 10) in base 7?
-2445024
-126b2b5 (base 13) to base 14
-aa1154
-212221201 (base 3) to base 7
-101623
Convert 112444121 (base 5) to base 3.
222012011221
Convert -12222211020220 (base 3) to base 10.
-3185187
What is 33075 (base 8) in base 9?
21037
Convert -43983 (base 10) to base 5.
-2401413
-101141 (base 6) to base 8
-17565
13e115 (base 16) to base 13
367cba
-11100110101101111000 (base 2) to base 8
-3465570
What is -13114330 (base 5) in base 8?
-374474
-1101380 (base 9) to base 5
-122412114
What is -4003112433 (base 5) in base 16?
-77fcc5
What is -1168a13 (base 11) in base 15?
-2a228a
What is 7984b (base 12) in base 16?
2787b
Convert 83bb6 (base 14) to base 12.
133b58
Convert 440330441 (base 5) to base 11.
1079293
Convert -2102221122 (base 3) to base 4.
-23233031
Convert 36aa6 (base 11) to base 10.
53235
Convert -b86404 (base 12) to base 10.
-2913988
What is -100010010101100010 (base 2) in base 9?
-233828
What is -4a4a7 (base 15) in base 8?
-717373
What is 2000022120022 (base 3) in base 5?
233203002
626802 (base 9) to base 4
1122323120
Convert 10110000111110001000100 (base 2) to base 6.
324143044
What is -211110232 (base 4) in base 9?
-252634
Convert 34c904 (base 16) to base 9.
6452272
What is 10202200031 (base 4) in base 11?
742a99
bdd83 (base 14) to base 3
212102020210
Convert 124a40 (base 15) to base 11.
54952a
What is -3054744 (base 8) in base 13?
-22457c
What is -12232322232 (base 4) in base 11?
-aa6110
Convert -2cb660 (base 14) to base 7.
-16220450
-220304331 (base 5) to base 11
-597933
What is -2332231313 (base 4) in base 13?
-214745
What is -8ec4d (base 16) in base 11?
-36a39a
What is a923b (base 12) in base 7?
1616603
Convert 310121 (base 6) to base 10.
24673
12455030 (base 6) to base 7
3333651
Convert 1ec69 (base 15) to base 2.
11000100101000010
What is 100101001111010110001100 (base 2) in base 12?
33294b8
100111100011110011 (base 2) to base 12
7992b
Convert -354232222 (base 6) to base 2.
-11001010110010101110110
Convert -893204 (base 10) to base 12.
-370a98
Convert 172671 (base 9) to base 10.
106984
-11110010022 (base 3) to base 15
-1ae2e
-2001373 (base 9) to base 7
-12020544
75547 (base 13) to base 10
211816
11021320112 (base 4) to base 10
1351190
Convert -7a022 (base 11) to base 9.
-185780
Convert -201010022 (base 4) to base 14.
-374dc
What is -103737 (base 8) in base 12?
-18167
1000111010110100 (base 2) to base 12
19184
What is -41d30 (base 15) in base 10?
-208845
What is -2142636 (base 8) in base 7?
-4613013
Convert 21052020 (base 7) to base 9.
3308163
-21001201120200 (base 3) to base 14
-6da140
Convert 1649080 (base 10) to base 11.
a26a84
What is 2314503 (base 7) in base 11?
188760
-22725631 (base 9) to base 4
-222030003310
1241034 (base 7) to base 5
20124420
Convert 100111110010000110100 (base 2) to base 10.
1303604
316c5 (base 16) to base 4
301123011
What is a7489 (base 12) in base 4?
311233221
What is -79a924 (base 11) in base 2?
-100110110111